{"id":109,"date":"2018-09-18T03:12:42","date_gmt":"2018-09-18T03:12:42","guid":{"rendered":"https:\/\/easylex.000webhostapp.com\/?page_id=109"},"modified":"2019-05-02T22:32:25","modified_gmt":"2019-05-02T22:32:25","slug":"no-competencia","status":"publish","type":"page","link":"https:\/\/easylex.com\/startup101\/no-competencia\/","title":{"rendered":"No Competencia"},"content":{"rendered":"<h2>No competencia<\/h2>\n<p>Imagina que tus socios, empleados, directores, etc. renuncien de tu Startup, creen la suya y\u2026 \u00a1hagan exactamente lo mismo!, un Contrato de No Competencia te protege justamente de eso. <\/p>\n<p><strong>\u00bfQu\u00e9 es un Contrato de No Competencia?<\/strong><\/p>\n<p>Es un acuerdo en donde una de las partes se obliga a no realizar actividades iguales o parecidas a las de la otra, en una zona determinada, por un tiempo espec\u00edfico y, en caso de que no se cumpla, debe de existir una sanci\u00f3n.<\/p>\n<p>Es muy importante que tengas claro que para poder pactar este tipo de prohibici\u00f3n debes de cumplir con los requisitos de zona determinada, tiempo espec\u00edfico y sanci\u00f3n\u2026 no caigas en excesos en decir que no puede hacer la misma actividad en todo el mundo, pues ser\u00e1 inv\u00e1lido.<\/p>\n","protected":false},"excerpt":{"rendered":"<p>No competencia Imagina que tus socios, empleados, directores, etc. renuncien de tu Startup, creen la suya y\u2026 \u00a1hagan exactamente lo mismo!, un Contrato de No Competencia te protege justamente de eso. \u00bfQu\u00e9 es un Contrato de No Competencia? Es un acuerdo en donde una de las partes se obliga a no realizar actividades iguales o [&hellip;]<\/p>\n","protected":false},"author":1,"featured_media":0,"parent":0,"menu_order":0,"comment_status":"closed","ping_status":"closed","template":"","meta":{"om_disable_all_campaigns":false,"_monsterinsights_skip_tracking":false,"_monsterinsights_sitenote_active":false,"_monsterinsights_sitenote_note":"","_monsterinsights_sitenote_category":0,"footnotes":""},"class_list":["post-109","page","type-page","status-publish","hentry"],"aioseo_notices":[],"_links":{"self":[{"href":"https:\/\/easylex.com\/startup101\/wp-json\/wp\/v2\/pages\/109","targetHints":{"allow":["GET"]}}],"collection":[{"href":"https:\/\/easylex.com\/startup101\/wp-json\/wp\/v2\/pages"}],"about":[{"href":"https:\/\/easylex.com\/startup101\/wp-json\/wp\/v2\/types\/page"}],"author":[{"embeddable":true,"href":"https:\/\/easylex.com\/startup101\/wp-json\/wp\/v2\/users\/1"}],"replies":[{"embeddable":true,"href":"https:\/\/easylex.com\/startup101\/wp-json\/wp\/v2\/comments?post=109"}],"version-history":[{"count":4,"href":"https:\/\/easylex.com\/startup101\/wp-json\/wp\/v2\/pages\/109\/revisions"}],"predecessor-version":[{"id":363,"href":"https:\/\/easylex.com\/startup101\/wp-json\/wp\/v2\/pages\/109\/revisions\/363"}],"wp:attachment":[{"href":"https:\/\/easylex.com\/startup101\/wp-json\/wp\/v2\/media?parent=109"}],"curies":[{"name":"wp","href":"https:\/\/api.w.org\/{rel}","templated":true}]}}