{"id":439,"date":"2022-06-01T22:48:36","date_gmt":"2022-06-01T22:48:36","guid":{"rendered":"http:\/\/stagingwp.easylex.com\/startup101\/?page_id=439"},"modified":"2022-06-02T23:13:25","modified_gmt":"2022-06-02T23:13:25","slug":"asambleas-de-accionistas","status":"publish","type":"page","link":"https:\/\/easylex.com\/startup101\/asambleas-de-accionistas\/","title":{"rendered":"Asamblea de Accionistas"},"content":{"rendered":"<p><span style=\"font-weight: 400;\">La Asamblea General de Accionistas es b\u00e1sicamente una reuni\u00f3n de los Accionistas para tomar decisiones importantes.\u00a0<\/span><\/p>\n<p><b>\u00bfC\u00f3mo funcionan?\u00a0<\/b><\/p>\n<p><span style=\"font-weight: 400;\">Los Accionistas se deben reunir una vez al a\u00f1o, durante los primeros 4 meses y, para que las decisiones que se tomen sean v\u00e1lidas deber\u00e1n estar presentes las personas que representen el porcentaje m\u00ednimo establecido en los Estatutos Sociales y, que voten a favor la mayor\u00eda necesaria de acuerdo a los mismos.\u00a0<\/span><\/p>\n<p><span style=\"font-weight: 400;\">Ejemplo:\u00a0<\/span><\/p>\n<table>\n<tbody>\n<tr>\n<td><b>Accionista<\/b><\/td>\n<td><b>Porcentaje<\/b><\/td>\n<\/tr>\n<tr>\n<td><span style=\"font-weight: 400;\">Andrea<\/span><\/td>\n<td><span style=\"font-weight: 400;\">30%<\/span><\/td>\n<\/tr>\n<tr>\n<td><span style=\"font-weight: 400;\">Rodrigo<\/span><\/td>\n<td><span style=\"font-weight: 400;\">20%<\/span><\/td>\n<\/tr>\n<tr>\n<td><span style=\"font-weight: 400;\">Francisco\u00a0<\/span><\/td>\n<td><span style=\"font-weight: 400;\">20%<\/span><\/td>\n<\/tr>\n<tr>\n<td><span style=\"font-weight: 400;\">Lizbeth<\/span><\/td>\n<td><span style=\"font-weight: 400;\">25%<\/span><\/td>\n<\/tr>\n<tr>\n<td><span style=\"font-weight: 400;\">Santiago\u00a0<\/span><\/td>\n<td><span style=\"font-weight: 400;\">5%<\/span><\/td>\n<\/tr>\n<\/tbody>\n<\/table>\n<p>&nbsp;<\/p>\n<p><span style=\"font-weight: 400;\">Supongamos que el porcentaje m\u00ednimo (qu\u00f3rum m\u00ednimo) para una Asamblea es del 70% y para que las decisiones sean v\u00e1lidas deber\u00e1n votar a favor el 70% de los presentes\u2026 entonces:\u00a0<\/span><\/p>\n<p><span style=\"font-weight: 400;\">Si a una Asamblea acuden Andrea, Rodrigo y Francisco,\u00e9sta ser\u00e1 completamente v\u00e1lida y, para que sus decisiones tengan validez, deber\u00e1n votar a favor los tres.\u00a0<\/span><\/p>\n<p><b>\u00bfQu\u00e9 decisiones se toman en Asamblea?\u00a0<\/b><\/p>\n<p><span style=\"font-weight: 400;\">Las Asambleas Generales de Accionistas ser\u00e1n Ordinarias, Extraordinarias y Especiales.\u00a0<\/span><\/p>\n<p><span style=\"font-weight: 400;\">La Asamblea General Ordinaria se debe reunir por lo menos una vez al a\u00f1o dentro de los primero cuatro meses, en estas Asambleas deber\u00e1n nombrar, reelegir o destituir al <\/span><span style=\"font-weight: 400;\">Consejo de Administraci\u00f3n<\/span><span style=\"font-weight: 400;\">, aprobar las decisiones tomadas por el Consejo a lo largo del a\u00f1o, aprobar los informes financieros y, en general, aprobar o decidir sobre asuntos generales de la sociedad.\u00a0<\/span><\/p>\n<p><span style=\"font-weight: 400;\">La Asamblea General Extraordinaria se deben reunir para tratar asuntos m\u00e1s delicados, como la disoluci\u00f3n de la sociedad, aumento o reducci\u00f3n del <\/span><span style=\"font-weight: 400;\">Capital Social<\/span><span style=\"font-weight: 400;\">, cambiar el objeto, la nacionalidad de la sociedad, decidir sobre la fusi\u00f3n, transformaci\u00f3n de la sociedad, emitir nuevas acciones, etc.\u00a0 Estas asambleas, normalmente, requieren un porcentaje mayor m\u00ednimo que las asambleas ordinarias para ser v\u00e1lidas (qu\u00f3rum m\u00ednimo) y, sus decisiones se toman por un porcentaje mayor. Adem\u00e1s, las Asambleas Generales Extraordinarias deben pasar por la fe de un Fedatario P\u00fablico (corredor o notario) e inscribirse en el Registro P\u00fablico de la Propiedad y del Comercio.\u00a0<\/span><\/p>\n<p><span style=\"font-weight: 400;\">Las Asambleas Especiales son las que re\u00fanen \u00fanicamente a los Accionistas de un tipo de Serie\u2026 \u00bfpara qu\u00e9?, para tomar decisiones que \u00fanicamente afectan a ellos. Recuerda que aunque pueden existir Acciones sin derecho a voto, nunca podr\u00e1s prohibirle a los Accionistas votar en Asambleas Especiales.\u00a0<\/span><\/p>\n<p><b>\u00bfC\u00f3mo se convoca una Asamblea?\u00a0<\/b><\/p>\n<p><span style=\"font-weight: 400;\">Los Accionistas deber\u00e1n ser convocados cuando se necesiten reunir, \u00bfquien deber\u00e1 convocarlos?, el Consejo de Administraci\u00f3n, los Comisarios o los mismos accionistas cuando representen por lo menos el 33% del Capital Social.\u00a0<\/span><\/p>\n<p><span style=\"font-weight: 400;\">Las Asambleas deber\u00e1n convocarse por medio de la publicaci\u00f3n de un aviso en el sistema electr\u00f3nico de la Secretar\u00eda de Econom\u00eda, normalmente, tambi\u00e9n se les env\u00eda un correo electr\u00f3nico con la siguiente informaci\u00f3n; d\u00eda y hora en que se llevar\u00e1 a cabo y cu\u00e1les son los temas que se van a tratar.\u00a0\u00a0<\/span><\/p>\n<p><span style=\"font-weight: 400;\">Si la Asamblea no puede ser celebrada el d\u00eda se\u00f1alado o no acuden los Accionistas que representen el porcentaje m\u00ednimo, se har\u00e1 una segunda convocatoria en donde se necesitar\u00e1 un qu\u00f3rum m\u00ednimo menor para considerarse v\u00e1lida.\u00a0<\/span><\/p>\n<p><span style=\"font-weight: 400;\">Recuerda que cuando el total de los Accionistas est\u00e1n presentes, no es necesario hacer este procedimiento de convocatoria.\u00a0<\/span><\/p>\n<p><b>\u00bfQu\u00e9 pasa si no puedo asistir a la Asamblea?\u00a0<\/b><\/p>\n<p><span style=\"font-weight: 400;\">Si quieres tomar decisiones en la Asamblea pero no puedes asistir, siempre podr\u00e1s hacerte representar por la persona que elijas, comunic\u00e1ndole en qu\u00e9 asuntos deber\u00e1 votar a favor o en contra.\u00a0<\/span><\/p>\n<p><span style=\"font-weight: 400;\">La \u00fanica restricci\u00f3n es que no puede ser otro Accionista ni alg\u00fan miembro del Consejo de Administraci\u00f3n.<\/span><\/p>\n<p><b>\u00bfQu\u00e9 pasa si voto en contra de un asunto y a\u00fan as\u00ed es aprobado?\u00a0<\/b><\/p>\n<p><span style=\"font-weight: 400;\">Cuando la Asamblea adopte decisiones sobre el cambio de objeto, cambio de nacionalidad o elija transformar la sociedad, los Accionistas que hayan votado en contra tendr\u00e1n el derecho a separarse de la sociedad y a obtener el reembolso por sus Acciones. <\/span><\/p>\n","protected":false},"excerpt":{"rendered":"<p>La Asamblea General de Accionistas es b\u00e1sicamente una reuni\u00f3n de los Accionistas para tomar decisiones importantes.\u00a0 \u00bfC\u00f3mo funcionan?\u00a0 Los Accionistas se deben reunir una vez al a\u00f1o, durante los primeros 4 meses y, para que las decisiones que se tomen sean v\u00e1lidas deber\u00e1n estar presentes las personas que representen el porcentaje m\u00ednimo establecido en los [&hellip;]<\/p>\n","protected":false},"author":1,"featured_media":0,"parent":0,"menu_order":0,"comment_status":"closed","ping_status":"closed","template":"","meta":{"om_disable_all_campaigns":false,"_monsterinsights_skip_tracking":false,"_monsterinsights_sitenote_active":false,"_monsterinsights_sitenote_note":"","_monsterinsights_sitenote_category":0,"footnotes":""},"class_list":["post-439","page","type-page","status-publish","hentry"],"aioseo_notices":[],"_links":{"self":[{"href":"https:\/\/easylex.com\/startup101\/wp-json\/wp\/v2\/pages\/439","targetHints":{"allow":["GET"]}}],"collection":[{"href":"https:\/\/easylex.com\/startup101\/wp-json\/wp\/v2\/pages"}],"about":[{"href":"https:\/\/easylex.com\/startup101\/wp-json\/wp\/v2\/types\/page"}],"author":[{"embeddable":true,"href":"https:\/\/easylex.com\/startup101\/wp-json\/wp\/v2\/users\/1"}],"replies":[{"embeddable":true,"href":"https:\/\/easylex.com\/startup101\/wp-json\/wp\/v2\/comments?post=439"}],"version-history":[{"count":3,"href":"https:\/\/easylex.com\/startup101\/wp-json\/wp\/v2\/pages\/439\/revisions"}],"predecessor-version":[{"id":458,"href":"https:\/\/easylex.com\/startup101\/wp-json\/wp\/v2\/pages\/439\/revisions\/458"}],"wp:attachment":[{"href":"https:\/\/easylex.com\/startup101\/wp-json\/wp\/v2\/media?parent=439"}],"curies":[{"name":"wp","href":"https:\/\/api.w.org\/{rel}","templated":true}]}}