{"id":95,"date":"2018-09-18T03:07:46","date_gmt":"2018-09-18T03:07:46","guid":{"rendered":"https:\/\/easylex.000webhostapp.com\/?page_id=95"},"modified":"2018-10-14T02:17:12","modified_gmt":"2018-10-14T02:17:12","slug":"derechos-de-los-inversionistas","status":"publish","type":"page","link":"https:\/\/easylex.com\/startup101\/derechos-de-los-inversionistas\/","title":{"rendered":"Derechos de los Inversionistas"},"content":{"rendered":"<h2>Derechos de los inversionistas<\/h2>\n<p>Como era de esperarse, los inversionistas deben tener diferentes derechos a los derechos de los fundadores, de los empleados, de los directores, etc., sin duda, lo que m\u00e1s le interesa a tu inversionista es recuperar su dinero y recibir utilidades de la sociedad y, la forma m\u00e1s r\u00e1pida de conseguirlo es teniendo derechos econ\u00f3micos y corporativos preferentes.<\/p>\n<p><strong>\u00bfQu\u00e9 son los derechos econ\u00f3micos preferentes?<\/strong><\/p>\n<p>B\u00e1sicamente, cuando se trate de dinero, los inversionistas tendr\u00e1n preferencia sobre el resto de los Accionistas, por ejemplo:<\/p>\n<p> \u2022 <strong>Derecho de preferencia para suscribir nuevas Acciones.<\/strong> Cuando tu Startup decida aumentar su Capital, los inversionistas tendr\u00e1n preferencia para comprar esas Acciones antes que cualquiera. <\/p>\n<p> \u2022 <strong>Derecho de preferencia para recibir reembolso.<\/strong> Si tu Startup decide cerrar sus operaciones, los inversionistas tendr\u00e1n preferencia para recibir el reembolso de su dinero antes que cualquiera. <\/p>\n<p> \u2022 <strong>Derecho de preferencia sobre las utilidades.<\/strong> Los inversionistas podr\u00e1n adquirir dividendos mayores a el resto de los Accionistas. <\/p>\n<p><strong>\u00bfQu\u00e9 son los derechos corporativos preferentes?<\/strong><\/p>\n<p>Cuando se trata de votar, los inversionistas tendr\u00e1n preferencia sobre el resto de los Accionistas, por ejemplo:<\/p>\n<p> \u2022 <strong>Derecho de voto preferente.<\/strong> Se puede establecer que se necesite por lo menos X% de voto a favor de los inversionistas para tomar una decisi\u00f3n en ciertos temas. <\/p>\n","protected":false},"excerpt":{"rendered":"<p>Derechos de los inversionistas Como era de esperarse, los inversionistas deben tener diferentes derechos a los derechos de los fundadores, de los empleados, de los directores, etc., sin duda, lo que m\u00e1s le interesa a tu inversionista es recuperar su dinero y recibir utilidades de la sociedad y, la forma m\u00e1s r\u00e1pida de conseguirlo es [&hellip;]<\/p>\n","protected":false},"author":1,"featured_media":0,"parent":0,"menu_order":0,"comment_status":"closed","ping_status":"closed","template":"","meta":{"om_disable_all_campaigns":false,"_monsterinsights_skip_tracking":false,"_monsterinsights_sitenote_active":false,"_monsterinsights_sitenote_note":"","_monsterinsights_sitenote_category":0,"footnotes":""},"class_list":["post-95","page","type-page","status-publish","hentry"],"aioseo_notices":[],"_links":{"self":[{"href":"https:\/\/easylex.com\/startup101\/wp-json\/wp\/v2\/pages\/95","targetHints":{"allow":["GET"]}}],"collection":[{"href":"https:\/\/easylex.com\/startup101\/wp-json\/wp\/v2\/pages"}],"about":[{"href":"https:\/\/easylex.com\/startup101\/wp-json\/wp\/v2\/types\/page"}],"author":[{"embeddable":true,"href":"https:\/\/easylex.com\/startup101\/wp-json\/wp\/v2\/users\/1"}],"replies":[{"embeddable":true,"href":"https:\/\/easylex.com\/startup101\/wp-json\/wp\/v2\/comments?post=95"}],"version-history":[{"count":3,"href":"https:\/\/easylex.com\/startup101\/wp-json\/wp\/v2\/pages\/95\/revisions"}],"predecessor-version":[{"id":231,"href":"https:\/\/easylex.com\/startup101\/wp-json\/wp\/v2\/pages\/95\/revisions\/231"}],"wp:attachment":[{"href":"https:\/\/easylex.com\/startup101\/wp-json\/wp\/v2\/media?parent=95"}],"curies":[{"name":"wp","href":"https:\/\/api.w.org\/{rel}","templated":true}]}}